{"id":246,"date":"2024-11-04T16:19:27","date_gmt":"2024-11-04T15:19:27","guid":{"rendered":"https:\/\/nagynap.kisgalamb.hu\/?page_id=246"},"modified":"2025-03-04T14:42:32","modified_gmt":"2025-03-04T13:42:32","slug":"kapcsolat","status":"publish","type":"page","link":"https:\/\/nagynap.kisgalamb.hu\/?page_id=246","title":{"rendered":"Kapcsolat"},"content":{"rendered":"\n<p>Ha az eddig le\u00edrtakban nem tal\u00e1ltad meg a k\u00e9rd\u00e9sedre a v\u00e1laszt vagy tan\u00e1csra, javaslatra van sz\u00fcks\u00e9ged, akkor\u00a0lapozd \u00e1t a <a href=\"https:\/\/nagynap.kisgalamb.hu\/?cat=2\"><strong>Kisokosunkat<\/strong><\/a> is.<\/p>\n\n\n\n<p>Ha tov\u00e1bbra is maradt k\u00e9rd\u00e9sed, keress minket a megh\u00edv\u00f3ban tal\u00e1lhat\u00f3 telefonsz\u00e1mok egyik\u00e9n vagy tedd fel k\u00e9rd\u00e9sed a k\u00f6vetkez\u0151 \u0171rlap kit\u00f6lt\u00e9s\u00e9nek seg\u00edts\u00e9g\u00e9vel. Annyit k\u00e9r\u00fcnk, hogy val\u00f3s el\u00e9rhet\u0151s\u00e9geket adja meg, hogy miharamarabb tudjunk neked v\u00e1laszolni.<\/p>\n\n\n\n<p>A *-al jel\u00f6lt mez\u0151k kit\u00f6lt\u00e9se k\u00f6telez\u0151!<\/p>\n\n\n\n<div class=\"wpcf7 no-js\" id=\"wpcf7-f251-o1\" lang=\"hu-HU\" dir=\"ltr\" data-wpcf7-id=\"251\">\n<div class=\"screen-reader-response\"><p role=\"status\" aria-live=\"polite\" aria-atomic=\"true\"><\/p> <ul><\/ul><\/div>\n<form action=\"\/index.php?rest_route=%2Fwp%2Fv2%2Fpages%2F246#wpcf7-f251-o1\" method=\"post\" class=\"wpcf7-form init\" aria-label=\"Kapcsolatfelv\u00e9teli \u0171rlap\" novalidate=\"novalidate\" data-status=\"init\">\n<div style=\"display: none;\">\n<input type=\"hidden\" name=\"_wpcf7\" value=\"251\" \/>\n<input type=\"hidden\" name=\"_wpcf7_version\" value=\"6.0.5\" \/>\n<input type=\"hidden\" name=\"_wpcf7_locale\" value=\"hu_HU\" \/>\n<input type=\"hidden\" name=\"_wpcf7_unit_tag\" value=\"wpcf7-f251-o1\" \/>\n<input type=\"hidden\" name=\"_wpcf7_container_post\" value=\"0\" \/>\n<input type=\"hidden\" name=\"_wpcf7_posted_data_hash\" value=\"\" \/>\n<input type=\"hidden\" name=\"_wpcf7_recaptcha_response\" value=\"\" \/>\n<\/div>\n<p><label> N\u00e9v*<br \/>\n<span class=\"wpcf7-form-control-wrap\" data-name=\"your-name\"><input size=\"40\" maxlength=\"400\" class=\"wpcf7-form-control wpcf7-text wpcf7-validates-as-required\" autocomplete=\"name\" aria-required=\"true\" aria-invalid=\"false\" value=\"\" type=\"text\" name=\"your-name\" \/><\/span> <\/label>\n<\/p>\n<p><label> E-mail c\u00edm*<br \/>\n<span class=\"wpcf7-form-control-wrap\" data-name=\"your-email\"><input size=\"40\" maxlength=\"400\" class=\"wpcf7-form-control wpcf7-email wpcf7-validates-as-required wpcf7-text wpcf7-validates-as-email\" autocomplete=\"email\" aria-required=\"true\" aria-invalid=\"false\" value=\"\" type=\"email\" name=\"your-email\" \/><\/span> <\/label>\n<\/p>\n<p><label> T\u00e1rgy*<br \/>\n<span class=\"wpcf7-form-control-wrap\" data-name=\"your-subject\"><input size=\"40\" maxlength=\"400\" class=\"wpcf7-form-control wpcf7-text wpcf7-validates-as-required\" aria-required=\"true\" aria-invalid=\"false\" value=\"\" type=\"text\" name=\"your-subject\" \/><\/span> <\/label>\n<\/p>\n<p><label> \u00dczenet*<br \/>\n<span class=\"wpcf7-form-control-wrap\" data-name=\"your-message\"><textarea cols=\"40\" rows=\"10\" maxlength=\"2000\" class=\"wpcf7-form-control wpcf7-textarea wpcf7-validates-as-required\" aria-required=\"true\" aria-invalid=\"false\" name=\"your-message\"><\/textarea><\/span><\/label>\n<\/p>\n<p><input class=\"wpcf7-form-control wpcf7-submit has-spinner\" type=\"submit\" value=\"K\u00fcld\u00e9s\" \/>\n<\/p><div class=\"wpcf7-response-output\" aria-hidden=\"true\"><\/div>\n<\/form>\n<\/div>\n\n","protected":false},"excerpt":{"rendered":"<p>Ha az eddig le\u00edrtakban nem tal\u00e1ltad meg a k\u00e9rd\u00e9sedre a v\u00e1laszt vagy tan\u00e1csra, javaslatra van sz\u00fcks\u00e9ged, akkor\u00a0lapozd \u00e1t a Kisokosunkat is. Ha tov\u00e1bbra is maradt k\u00e9rd\u00e9sed, keress minket a megh\u00edv\u00f3ban tal\u00e1lhat\u00f3 telefonsz\u00e1mok egyik\u00e9n vagy tedd fel k\u00e9rd\u00e9sed a k\u00f6vetkez\u0151 \u0171rlap kit\u00f6lt\u00e9s\u00e9nek seg\u00edts\u00e9g\u00e9vel. Annyit k\u00e9r\u00fcnk, hogy val\u00f3s el\u00e9rhet\u0151s\u00e9geket adja meg, hogy miharamarabb tudjunk neked v\u00e1laszolni. A *-al jel\u00f6lt mez\u0151k kit\u00f6lt\u00e9se k\u00f6telez\u0151!<\/p>\n","protected":false},"author":1,"featured_media":0,"parent":0,"menu_order":0,"comment_status":"closed","ping_status":"closed","template":"","meta":{"_eb_attr":"","footnotes":""},"class_list":["post-246","page","type-page","status-publish","hentry"],"_links":{"self":[{"href":"https:\/\/nagynap.kisgalamb.hu\/index.php?rest_route=\/wp\/v2\/pages\/246","targetHints":{"allow":["GET"]}}],"collection":[{"href":"https:\/\/nagynap.kisgalamb.hu\/index.php?rest_route=\/wp\/v2\/pages"}],"about":[{"href":"https:\/\/nagynap.kisgalamb.hu\/index.php?rest_route=\/wp\/v2\/types\/page"}],"author":[{"embeddable":true,"href":"https:\/\/nagynap.kisgalamb.hu\/index.php?rest_route=\/wp\/v2\/users\/1"}],"replies":[{"embeddable":true,"href":"https:\/\/nagynap.kisgalamb.hu\/index.php?rest_route=%2Fwp%2Fv2%2Fcomments&post=246"}],"version-history":[{"count":6,"href":"https:\/\/nagynap.kisgalamb.hu\/index.php?rest_route=\/wp\/v2\/pages\/246\/revisions"}],"predecessor-version":[{"id":457,"href":"https:\/\/nagynap.kisgalamb.hu\/index.php?rest_route=\/wp\/v2\/pages\/246\/revisions\/457"}],"wp:attachment":[{"href":"https:\/\/nagynap.kisgalamb.hu\/index.php?rest_route=%2Fwp%2Fv2%2Fmedia&parent=246"}],"curies":[{"name":"wp","href":"https:\/\/api.w.org\/{rel}","templated":true}]}}